83 - 3?
-1486
In base 14, what is -2 + 230?
22c
In base 2, what is 11101110 + -1?
11101101
In base 14, what is -2 - -52a?
528
In base 4, what is -201 - 23?
-230
In base 11, what is 1 + -93?
-92
In base 5, what is 134 + -21?
113
In base 10, what is -9 + -9?
-18
In base 9, what is 0 - 82?
-82
In base 11, what is 17 + 245?
261
In base 15, what is -56 - 7?
-5d
In base 7, what is 21 + 0?
21
In base 15, what is -131 + 3?
-12d
In base 2, what is 1 + 1101010001?
1101010010
In base 4, what is 3 + -1021?
-1012
In base 15, what is -49 + -4?
-4d
In base 16, what is 1 - 19?
-18
In base 16, what is 47fc + 3?
47ff
In base 7, what is -4 + 4053?
4046
In base 15, what is c - -109?
116
In base 13, what is b62 + -3?
b5c
In base 13, what is -595 + 3?
-592
In base 3, what is 1 + -10221?
-10220
In base 3, what is -21101 - 11?
-21112
In base 15, what is 21 - 8b?
-6a
In base 9, what is -15734 - -5?
-15728
In base 9, what is 206 + -16?
180
In base 10, what is 2 + 10?
12
In base 16, what is -7 + 10?
9
In base 15, what is -4 + -a?
-e
In base 16, what is -19a - 3?
-19d
In base 6, what is 5 + -33420?
-33411
In base 11, what is 22483 - -2?
22485
In base 9, what is 2 - -223?
225
In base 10, what is -579 - -3?
-576
In base 10, what is -35 + 5?
-30
In base 11, what is -5811 + 4?
-5808
In base 4, what is 131 - 311?
-120
In base 16, what is 0 + 52f?
52f
In base 2, what is 101 - -101001111?
101010100
In base 3, what is -12 - -12101?
12012
In base 8, what is -20 - -71?
51
In base 7, what is 400 + -4?
363
In base 6, what is 3253 - -3?
3300
In base 7, what is -12 + 3?
-6
In base 5, what is 1 - -4023?
4024
In base 12, what is 8 - -1?
9
In base 13, what is -1a - -15b?
141
In base 3, what is -110 - -2121?
2011
In base 13, what is -a + -48b?
-498
In base 6, what is -2 + -1001?
-1003
In base 4, what is -1 + -220?
-221
In base 6, what is -4 + -2443?
-2451
In base 11, what is -132 + -3?
-135
In base 10, what is 237 + 3?
240
In base 10, what is -91 + 33?
-58
In base 13, what is 0 - 52?
-52
In base 4, what is -33 - -2022?
1323
In base 14, what is 2 + -b2?
-b0
In base 12, what is -63a - -5?
-635
In base 2, what is -10001010010 + 0?
-10001010010
In base 9, what is -4 - -52?
47
In base 8, what is -5234 - -1?
-5233
In base 15, what is 726 - -9?
730
In base 4, what is -100201 - 2?
-100203
In base 6, what is 44 - 1113?
-1025
In base 8, what is 72 + -33?
37
In base 2, what is -10 - 100111100?
-100111110
In base 11, what is -406 - -1?
-405
In base 13, what is 3 + 80?
83
In base 7, what is -3 - 13651?
-13654
In base 14, what is 132 - -1?
133
In base 16, what is 2 + -14d?
-14b
In base 11, what is 8 + 4?
11
In base 12, what is 38 - -19?
55
In base 12, what is -652 + -4?
-656
In base 11, what is -392 - 2?
-394
In base 8, what is 105034 + -1?
105033
In base 4, what is -2010321 - 3?
-2010330
In base 5, what is -1 - 210111?
-210112
In base 5, what is -122 + -4?
-131
In base 13, what is -53 + 3?
-50
In base 15, what is -12 + -8?
-1a
In base 2, what is 100000001 + -10?
11111111
In base 11, what is 2 - 1090?
-1089
In base 8, what is 453 - 14?
437
In base 12, what is 1465 + -6?
145b
In base 14, what is -2b + 159?
12c
In base 2, what is -100 - -1011110?
1011010
In base 10, what is 2505 + -6?
2499
In base 4, what is 10 + -1201?
-1131
In base 4, what is 1 + -31?
-30
In base 12, what is 2 + -148?
-146
In base 13, what is -2 + -bb5?
-bb7
In base 8, what is 13 - 101?
-66
In base 11, what is -151 + 2a?
-122
In base 13, what is -23a + -6?
-243
In base 16, what is 5 - -8f?
94
In base 7, what is -5 + 1011?
1003
In base 6, what is 25 + 235?
304
In base 9, what is -740 - 3?
-743
In base 15, what is cc4 + 3?
cc7
In base 7, what is 1 - 61?
-60
In base 12, what is -278 - 2?
-27a
In base 3, what is -2 - -121?
112
In base 4, what is 23 - 302?
-213
In base 7, what is 4 + -412?
-405
In base 15, what is 5 - -7e?
84
In base 13, what is 6 + -33?
-2a
In base 4, what is -122233 - -3?
-122230
In base 16, what is -28b + 0?
-28b
In base 14, what is -5 - -18?
13
In base 16, what is a + -ca7?
-c9d
In base 6, what is 14 + 5033?
5051
In base 2, what is -1111 - 100001?
-110000
In base 7, what is -233 - 2?
-235
In base 8, what is -12725 + -4?
-12731
In base 7, what is -2 + 542?
540
In base 5, what is 0 - 20404?
-20404
In base 9, what is 18 + -52?
-33
In base 15, what is -3 - 6?
-9
In base 12, what is 6 - 127?
-121
In base 10, what is -4578 + -3?
-4581
In base 3, what is -1120210 + -12?
-1120222
In base 16, what is 5 + 1a?
1f
In base 3, what is 22102 + 0?
22102
In base 13, what is -1 - 0?
-1
In base 6, what is -13 + 33?
20
In base 2, what is 101 - -1010011110?
1010100011
In base 3, what is 100101 + 1?
100102
In base 14, what is 22d3 + 5?
22d8
In base 11, what is 192 - 0?
192
In base 16, what is -5 - c?
-11
In base 9, what is -16 - -1?
-15
In base 11, what is 8 - -212?
21a
In base 6, what is 2 - -110?
112
In base 15, what is 0 + 4?
4
In base 2, what is -101 + 111111?
111010
In base 16, what is -42 + 5?
-3d
In base 9, what is -170 + -1?
-171
In base 15, what is -a + -4?
-e
In base 4, what is 30320 - 0?
30320
In base 8, what is -11234 - 3?
-11237
In base 14, what is 1791 + 4?
1795
In base 13, what is 5 - cb5?
-cb0
In base 13, what is -34 - 13?
-47
In base 16, what is 4 - 8f6?
-8f2
In base 9, what is 4 + -2?
2
In base 11, what is -2a0 + -5?
-2a5
In base 6, what is -135 - -3?
-132
In base 2, what is -11101001000 + -1110?
-11101010110
In base 15, what is 5 + 12?
17
In base 6, what is -3153 - 3?
-3200
In base 4, what is 2 + 1222003?
1222011
In base 11, what is -1 - 973?
-974
In base 12, what is 3 - -126?
129
In base 4, what is 10 + 133?
203
In base 6, what is -204 + -4?
-212
In base 2, what is -101 + -110011000?
-110011101
In base 14, what is 2 - c42?
-c40
In base 10, what is -341 - 5?
-346
In base 6, what is 1 - -22115?
22120
In base 4, what is -2 + 10130?
10122
In base 13, what is 32 + -3?
2c
In base 16, what is 8 + 32?
3a
In base 10, what is 5 + 7?
12
In base 14, what is -2 + a?
8
In base 11, what is -5 + -382?
-387
In base 8, what is -765 - 0?
-765
In base 5, what is -1133 + -1013?
-2201
In base 12, what is 3a - 1?
39
In base 10, what is 573 - -18?
591
In base 8, what is -3 - 6?
-11
In base 5, what is -10304 + 2?
-10302
In base 12, what is 772 + 2?
774
In base 12, what is b - 1?
a
In base 14, what is -6d9a + -3?
-6d9d
In base 8, what is -7 + -405?
-414
In base 11, what is -1 + 1942?
1941
In base 5, what is -2242 - 2?
-2244
In base 3, what is -11 + -2000222?
-2001010
In base 7, what is 16 - 6?
10
In base 5, what is 444 + 12?
1011
In base 9, what is 111 - -6?
117
In base 13, what is 0 + -4a2?
-4a2
In base 5, what is -2201 + -4?
-2210
In base 10, what is 2 + 46?
48
In base 2, what is -1011011001 - 1?
-1011011010
In base 16, what is 12 + 0?
12
In base 3, what is -11121021 - 10?
-11121101
In base 4, what is -122313 - 11?
-122330
In base 12, what is 307 - 3?
304
In base 11, what is -4a - 4?
-53
In base 16, what is 13 + -787?
-774
In base 10, what is 38 - 3?
35
In base 10, what is -3 - -71?
68
In base 2, what is -101110100110 + -10?
-101110101000
In base 2, what is 10000010000 + 1?
10000010001
In base 9, what is -71 + -320?
-401
In base 3, what is 2220 + 11?
10001
In base 7, what is -11 - 232?
-243
In base 2, what is 110 + 1101?
10011
In base 11, what is -3 - 74?
-77
In base 15, what is -4 + -10d3?
-10d7
In base 10, what is 3 + -636?
-633
In base 13, what is -5 - -1a82?
1a7a
In base 15, what is -49d - -7?
-496
In base 15, what is -196 - 4?
-19a
In base 9, what is -104 - 4?
-108
In base 8, what is 0 + -504?
-504
In base 8, what is -37 + 2?
-35
In base 3, what is 10022 + 1?
10100
In base 4, what is 32 + 30321?
31013
In base 6, what is 135 + 4?
143
In base 16, what is -2d + -9?
-36
In base 4, what is 13 + -32331?
-32312
In base 2, what is -1000101011 - 10?
-1000101101
In base 9, what is 4 + 141?
145
In base 7, what is 23 + 263?
316
In base 8, what is -130 - 2?
-132
In base 4, what is -321100 + 11?
-321023
In base 10, what is -15 - 14?
-29
In base 10, what is -2213 - -3?
-2210
In base 11, what is 5 + 1214?
1219
In base 4, what is 30133 - -10?
30203
In base 7, what is -1 - 301?
-302
In base 6, what is 12 - -21?
33
In base 3, what is -11212021 + 12?
-11212002
In base 8, what is -30 - 63?
-113
In base 16, what is 0 - 6e?
-6e
In base 16, what is -4a - -7?
